common factor of 3131328 and 972.
12
Calculate the greatest common factor of 10034587 and 3688.
461
What is the highest common divisor of 13220116 and 32396?
364
Calculate the highest common factor of 12377391 and 2028.
507
Calculate the highest common factor of 477689914 and 1885.
377
Calculate the greatest common divisor of 279890 and 46890.
10
What is the highest common factor of 4198780 and 930?
10
What is the highest common factor of 106518 and 668013?
123
What is the highest common factor of 1910775 and 29665?
1745
Calculate the greatest common factor of 478584 and 348772.
1564
What is the highest common factor of 12 and 20289882?
6
Calculate the highest common divisor of 220 and 312904460.
220
Calculate the highest common factor of 256381852 and 568.
284
Calculate the greatest common factor of 479 and 9576168.
479
Calculate the highest common factor of 341132280 and 23430.
2130
What is the greatest common divisor of 40831 and 14819504?
2149
Calculate the highest common divisor of 10400 and 1489072.
208
Calculate the greatest common divisor of 222774 and 8667.
321
What is the greatest common divisor of 1768447 and 25921?
529
What is the greatest common divisor of 208 and 48877868?
52
Calculate the highest common factor of 669277 and 9292.
23
Calculate the greatest common factor of 279853884 and 618.
618
Calculate the highest common factor of 51955212 and 54.
6
Calculate the greatest common divisor of 20368 and 17746893.
1273
What is the highest common divisor of 215578 and 574?
82
Calculate the greatest common factor of 4330602 and 18.
18
What is the greatest common factor of 3204 and 4697420?
356
What is the greatest common factor of 989973 and 87?
87
Calculate the greatest common divisor of 92430 and 316395.
3555
What is the highest common factor of 30415962 and 12?
6
What is the greatest common divisor of 112 and 138426638?
14
Calculate the greatest common divisor of 1116016 and 9656.
136
Calculate the highest common factor of 8558 and 29281197.
4279
What is the greatest common divisor of 12139968 and 1272?
1272
Calculate the highest common factor of 5477216756 and 596.
596
What is the greatest common factor of 547673717 and 68?
17
What is the highest common factor of 126411 and 279183?
87
Calculate the highest common divisor of 27025089 and 1092.
273
What is the greatest common factor of 365696 and 23824?
16
What is the greatest common divisor of 12008 and 2325049?
1501
Calculate the greatest common factor of 2095407 and 1476.
9
Calculate the highest common factor of 3405816 and 108.
36
Calculate the greatest common factor of 4547007 and 102.
51
What is the greatest common divisor of 9 and 83357829?
9
What is the greatest common factor of 63962772 and 204?
204
Calculate the greatest common divisor of 332 and 631739892.
332
Calculate the greatest common divisor of 2071112 and 19832.
296
What is the highest common divisor of 33 and 43671309?
33
What is the greatest common factor of 8 and 57800056?
8
Calculate the greatest common factor of 3025 and 2239105.
605
Calculate the highest common divisor of 143181 and 10489334.
5303
Calculate the highest common factor of 4184723 and 2348.
587
Calculate the highest common factor of 3468282 and 42.
6
What is the highest common factor of 1000636 and 112?
28
What is the highest common divisor of 2185330 and 12670?
70
Calculate the greatest common factor of 1305 and 4683065.
145
Calculate the highest common factor of 869352 and 7743.
267
What is the highest common divisor of 6851274 and 1711560?
5034
What is the highest common factor of 102446 and 656125?
181
Calculate the highest common divisor of 52372088 and 2296.
328
What is the greatest common factor of 132746 and 5?
1
Calculate the greatest common divisor of 8160866 and 1414.
14
What is the greatest common divisor of 30064 and 2647511?
1879
Calculate the highest common divisor of 239105771 and 839.
839
What is the greatest common factor of 13110 and 2525745?
345
Calculate the highest common divisor of 7056 and 70312599.
441
What is the highest common factor of 4535 and 283891?
907
Calculate the highest common divisor of 39 and 349777207.
13
Calculate the highest common divisor of 10802 and 6780950.
22
Calculate the greatest common factor of 359382 and 870189.
2019
Calculate the highest common factor of 785297 and 194449.
577
Calculate the greatest common divisor of 53031475 and 6125.
1225
Calculate the highest common divisor of 17542 and 23338.
14
Calculate the greatest common factor of 32844 and 338028.
204
Calculate the highest common divisor of 13 and 525367.
1
What is the greatest common factor of 1403325 and 333153?
729
Calculate the greatest common divisor of 276900 and 116350.
650
What is the highest common divisor of 744 and 3854928?
24
What is the greatest common factor of 285 and 8832975?
15
What is the highest common divisor of 8412984 and 2592?
648
What is the greatest common divisor of 4515 and 20291460?
105
What is the highest common divisor of 4056 and 25978173?
507
Calculate the greatest common factor of 33844 and 2004.
4
Calculate the greatest common factor of 35225 and 446653.
1409
What is the greatest common divisor of 968 and 1166264?
88
What is the highest common factor of 3735 and 4984731?
747
Calculate the greatest common factor of 650 and 136846190.
130
What is the greatest common divisor of 60 and 8610820?
20
Calculate the greatest common divisor of 1069400 and 6600.
200
What is the highest common divisor of 11349 and 49023?
117
What is the highest common divisor of 68 and 5268742?
34
What is the highest common factor of 101 and 222283628?
101
Calculate the greatest common divisor of 9494690 and 668110.
9410
What is the highest common factor of 830 and 30003172?
166
What is the greatest common divisor of 236470 and 108070?
1070
What is the greatest common factor of 218 and 8640474?
2
Calculate the highest common divisor of 6594 and 13237926.
942
What is the highest common divisor of 336 and 1603?
7
Calculate the highest common divisor of 3348 and 501282.
54
Calculate the greatest common factor of 66375 and 3375.
1125
Calculate the greatest common factor of 10127207 and 4310.
431
What is the highest common factor of 5822 and 1022116?
142
Calculate the greatest common factor of 78361 and 23.
23
Calculate the greatest common factor of 3294555 and 246.
123
What is the greatest common divisor of 13409 and 103124962?
1219
What is the greatest common factor of 213111 and 130437?
27
What is the greatest common factor of 12 and 323463390?
6
Calculate the greatest common divisor of 6160862 and 4.
2
What is the highest common divisor of 188 and 93857308?
188
What is the highest common divisor of 1238072 and 20402608?
10232
Calculate the greatest common factor of 76 and 288784.
4
Calculate the greatest common factor of 609768 and 50328.
216
What is the highest common factor of 8160768 and 966?
966
Calculate the greatest common factor of 51770 and 1541630.
310
Calculate the highest common factor of 22220 and 161260.
220
What is the highest common factor of 71625 and 114791?
191
Calculate the highest common divisor of 3065860 and 57218.
854
Calculate the highest common divisor of 437597 and 51.
17
Calculate the highest common divisor of 116072 and 43208.
88
What is the greatest common factor of 868700073 and 643?
643
What is the greatest common divisor of 11260 and 228960?
20
Calculate the greatest common divisor of 78 and 670851831.
39
What is the greatest common divisor of 444 and 41636433?
111
Calculate the highest common divisor of 2007 and 4574622.
669
Calculate the highest common divisor of 493315 and 615.
5
Calculate the highest common factor of 33970 and 134375.
215
Calculate the highest common divisor of 1375095 and 495.
15
What is the highest common factor of 36859692 and 24?
12
What is the highest common factor of 265604 and 1656?
92
What is the greatest common factor of 7 and 101782121?
7
Calculate the greatest common factor of 34 and 441349342.
34
What is the greatest common divisor of 1981 and 2420495?
7
What is the highest common factor of 1420894 and 75854?
782
What is the highest common divisor of 272050966 and 374?
374
What is the greatest common divisor of 1588 and 167306122?
794
Calculate the highest common